lculate the highest common divisor of w and l.
9
Suppose y = 3*q - 1, 2*y - 10 = 2*q + 4*y. Let n = q + 3. Let t(k) = 10*k**2 - 2*k. Let w be t(n). Calculate the greatest common divisor of 18 and w.
18
Let f(v) = -v**3 - 6*v**2 - 3*v. Suppose 0*o = -5*o - 30. Let m be f(o). Suppose 0 = -0*h - 3*h + m. What is the highest common factor of 42 and h?
6
Let v = 44 - -1. Suppose 5*g = 5*k + v, 3*g + 0*k + 2*k - 37 = 0. Calculate the highest common factor of 99 and g.
11
Let s(k) = -6 + 2 - 2*k + 6*k**2 + k**3 + k. Let j be s(-6). Suppose 19 = w - 4*c + j*c, -2*c = 4. Calculate the highest common factor of 6 and w.
3
Let a = -1 - -3. Suppose m = 5*z - 4*z - 2, 2*z - 2 = 3*m. Suppose m*l - 6 = -l. Calculate the greatest common factor of a and l.
2
Suppose 251 = -4*a + j, -2*j + 37 - 111 = a. Let x = -38 - a. What is the greatest common divisor of x and 39?
13
Let y = 5 - 8. Let m be (y/4)/((-3)/204). Suppose b = 4*b - 51. What is the highest common factor of b and m?
17
Suppose 30 = 5*q - 0*q. Suppose 0 = 2*n - 6, -2*z + 54 = 3*n - 5*n. What is the highest common factor of q and z?
6
Suppose -d - 2*d + 12 = 0. Let n(y) = y**2 + 7*y - 4. Let g be (-3 - 9)*2/3. Let k be n(g). What is the highest common divisor of d and k?
4
Let k = 5 + 3. Let x be 3/2 + (-366)/(-12). What is the highest common factor of k and x?
8
Let h = 242 + 108. Suppose 5*f - h = -10. Let z = 9 + f. Calculate the greatest common divisor of 11 and z.
11
Let l be 0/(-2) + 1 + 0. Suppose -t + 4*p - 4 = -7, -2*p + 2 = 0. Calculate the greatest common divisor of l and t.
1
Let n(h) = -h**3 + 4*h**2 + 5*h + 7. Let t = -6 - -16. Suppose x - t = -x. Let c be n(x). What is the highest common divisor of 21 and c?
7
Let c(q) = 14*q + 1. Let w(s) = 5*s. Let p(h) = 6*c(h) - 17*w(h). Let u be p(5). Let b be -4*u/8*-22. What is the greatest common divisor of b and 88?
11
Suppose -3*u = -5*u - 4. Let j be ((-3)/u)/(-3)*-2. Calculate the greatest common factor of j and 3.
1
Let j be (2 - 1)*4/4. Let t(s) = s + 1. Let a be t(j). What is the greatest common divisor of a and 5?
1
Let z = -25 - -25. Suppose 4*x = -z*x + 140. Calculate the highest common divisor of 7 and x.
7
Suppose 8*i - 12*i - 4*x + 16 = 0, 2*x = -i + 1. What is the greatest common divisor of 161 and i?
7
Let x = 19 - 3. Let j = -61 + 85. Calculate the highest common factor of j and x.
8
Suppose 8*s - 72 = 8. What is the highest common factor of s and 45?
5
Let a(f) = f**2 + f - 2. Let d be a(2). Suppose -4 = -d*m + 12. Suppose -3*g = -8 - m. What is the greatest common divisor of g and 8?
4
Let y = 40 + 30. Calculate the greatest common divisor of y and 10.
10
Let j = -44 - -69. Calculate the highest common divisor of 75 and j.
25
Suppose 0 = 4*q - 2*l - 64, 3*l = -9 - 3. Calculate the greatest common factor of 126 and q.
14
Let n be (-748)/(-28) - 4/(-14). Calculate the greatest common factor of n and 54.
27
Let x be ((-39)/(-12))/(7/28). Calculate the highest common factor of x and 39.
13
Let t be 0 + -12 + 0 + 1. Let f(x) = 2*x**2 + 13*x + 5. Let z be f(t). Calculate the greatest common divisor of z and 13.
13
Let w = 277 - 177. Suppose 0 = -x + 2*f + 27, 5*f + 1 = -x + 21. What is the highest common factor of x and w?
25
Let b be (-48)/40*(-10)/3. Suppose b*k - 4*x = 88, 25 = 4*k + 2*x - 33. Calculate the highest common divisor of 17 and k.
17
Let g be 3/(15/1300*5). Calculate the highest common factor of g and 13.
13
Suppose 0*l = 5*l - 650. Let f(h) = 3*h + 5. Let g be f(7). Calculate the greatest common factor of g and l.
26
Suppose 4*w + 3*g - 21 = 0, -w - 5*g + 2 = 2*w. What is the greatest common factor of 27 and w?
9
Let l = 112 + 336. What is the highest common factor of l and 56?
56
Let d = -28 + 50. Calculate the highest common factor of d and 55.
11
Let y(q) = q**2 + 8*q - 12. Let v be y(-10). Suppose 0 = -4*d - 0*d + v. Calculate the greatest common divisor of d and 5.
1
Let t(p) = -p**3 - 10*p**2 - 4*p + 6. Let l be t(-7). Let m = l + 295. Suppose 0 = 4*s - 214 - m. What is the highest common factor of s and 11?
11
Let f be ((525/(-20))/3)/(3/(-12)). What is the highest common factor of 7 and f?
7
Let m = 1 - -2. Suppose 0 = m*o + 15, -2*k + o + 3*o = -54. What is the greatest common divisor of 187 and k?
17
Let m = 48 + -21. Calculate the highest common factor of 18 and m.
9
Let a = -152 - -165. What is the greatest common factor of a and 117?
13
Suppose -4*u - 3*x = -404, 3*u = 5*x - 116 + 390. Suppose 0*v + 6 = -v. Let z be (4/1)/(v/(-21)). Calculate the greatest common factor of z and u.
14
Suppose -2*z + 39 = 25. Calculate the greatest common factor of 1 and z.
1
Let k(f) = f**3 - f**2 + f + 15. Let h be k(0). Suppose 3*n + 28 = 2*q - 107, 0 = 4*q + 2*n - 310. Calculate the highest common factor of h and q.
15
Suppose -2 = -c + 3*c, 0 = 4*w - 5*c - 53. Suppose -j = -5*j - 4, -3*t + 2*j + 14 = 0. What is the greatest common divisor of t and w?
4
Suppose -x = v - 6, v = x - 0*v. Suppose -h - q - 19 = -3*h, x*q = 4*h - 39. Calculate the highest common divisor of 6 and h.
3
Suppose -5*q - 57 = 18. Let b = 24 + q. What is the greatest common factor of b and 18?
9
Let u(w) = 2*w**2 - 7*w + 3. Let n be u(5). Let o(v) = -2*v + 12. Let g be o(-3). Calculate the greatest common divisor of g and n.
18
Suppose -5 = -m - 8. Let i(a) = 9*a**2 + 2*a + 1. Let w be i(m). Let b be ((-38)/4)/((-4)/8). What is the highest common divisor of b and w?
19
Let l = -7 + 10. Let q(u) = 4*u - 1. Let h be q(l). Suppose -5*f + 258 - 38 = 0. Calculate the greatest common divisor of f and h.
11
Let p = -10 - -21. Calculate the highest common factor of p and 33.
11
Let n be 18 + (-3 + 1)/(-2). Suppose -4*u - n = -91. What is the highest common divisor of u and 27?
9
Suppose 2*p - 10 = 4*v + 22, -4*p + 56 = -4*v. Calculate the greatest common divisor of 4 and p.
4
Let x be 16/14*21/6. Suppose 4*b + 21 = x*u - 15, 0 = -5*u + 2*b + 42. What is the greatest common factor of 2 and u?
2
Suppose 4 = 3*y - 8. Let v be 1/2 - (-62)/y. What is the greatest common factor of 112 and v?
16
Let q be (-1)/(-4) + (-30)/(-8). Suppose -k = 3*k - 120. Suppose 5*t + k = -g + 6*g, -5*g - 3*t = 10. What is the greatest common divisor of q and g?
1
Suppose 14*u = 3*u + 66. What is the highest common divisor of u and 78?
6
Suppose -16 = -5*o + 4. Let v be 5/(-10)*(-90 + 2). Calculate the greatest common factor of v and o.
4
Let a = -83 - -86. Let b = 23 + -8. Calculate the greatest common factor of a and b.
3
Let h(z) = 11*z + 1. Let k be h(5). Let p(o) = -o**2 + 10*o - 2. Let f be p(8). What is the greatest common divisor of f and k?
14
Suppose r + 4*r - 10 = 0. Let h be (-2)/r*2 - -10. What is the greatest common factor of h and 16?
8
Let o = 41 + -37. Calculate the highest common factor of 1 and o.
1
Suppose 30 = 5*j + 10. Suppose 3*y - 2 = 7. Suppose 0 = -4*x - y*a - 0*a + 39, a + 3 = 0. What is the highest common divisor of x and j?
4
Suppose 0 = x + 3*b - 24, x + x = 2*b + 24. Suppose o + x = 6*o. Let t(q) = -7*q - 1. Let l be t(-1). What is the greatest common divisor of l and o?
3
Let f be ((-2)/(-3))/(14/(-63)). Let w = 2 - f. Let v be 3*1/(1/15). Calculate the highest common divisor of v and w.
5
Suppose h + 2*z = -5, -h = -2*z - 6 - 5. Suppose q + h*q - 8 = 0. Let v be (-321)/(-4) + q/(-8). Calculate the greatest common divisor of 16 and v.
16
Suppose -z - 5 + 1 = 0. Let i = z - -16. Let h be (-1)/(15/(-18))*25. What is the greatest common factor of h and i?
6
Let a = -18 - -33. Let k = 5 - 5. Let u = k - -3. Calculate the highest common divisor of u and a.
3
Suppose -1 + 13 = 2*d. Suppose 1 = w - v, 4*v - 12 = -2*w + 8*v. Let c be 42 + -2 + (-2 - w). Calculate the highest common factor of c and d.
6
Let z be 2 - (-48)/(-21) - (-352)/7. Calculate the highest common divisor of z and 10.
10
Let l(a) be the first derivative of 15/2*a**2 - 1 + 0*a. Let w be l(1). What is the greatest common divisor of 135 and w?
15
Let d(m) = m**2 + 4*m + 5. Let s be d(-4). Suppose 3*t = 2*o + 43, -3*t + s*o + 25 = -t. What is the highest common factor of 135 and t?
15
Suppose -20 = -0*g - 4*g + m, -3*m = 0. Let s(n) = 2*n - 7. Let a be s(g). Calculate the highest common factor of a and 12.
3
Suppose -3*a + 5 = -16. Let c(n) = -n**3 - 7*n**2 - 5*n + 7. Let i be c(-6). Let 